 digit of 3/f*6 + 37?
4
Let g(u) = 4 + u**3 + 0 + 5*u**2 + 0 + 4*u. Let l be g(-4). Suppose -5*q = l*n - 30, -2*q - n + 4*n - 11 = 0. What is the units digit of q?
2
Let a be (0 + 1)/((-2)/(-6)). Suppose 2*k = 4, 2*b = -a*b - 5*k + 20. What is the units digit of b?
2
Let y(u) = -2*u + 8. Let l = -24 - -20. What is the units digit of y(l)?
6
Let p = -1 - -4. Suppose -i = p*i. Suppose i = 3*f - 0*f - 3. What is the units digit of f?
1
Let x = -136 - -188. What is the units digit of x?
2
Let t(w) = 5*w**2 + 4*w + 8. What is the units digit of t(4)?
4
Suppose 21 = 4*u - 35. Let d be ((-30)/7)/((-1)/u). Suppose -5*m + d = 4*j - 3*m, 4*j - m = 48. What is the tens digit of j?
1
Suppose 2*f + 123 = g, 394 = 3*g + f - 2*f. What is the tens digit of g?
3
Suppose 4*n + 20 = 4*m, 6*n - 3*n - 5 = -m. Suppose -m*f - 4*v = -82, -v = -f + v + 22. What is the tens digit of f?
1
Suppose -2*u + 2*f + 22 = 0, -u - u + 47 = 3*f. What is the units digit of u?
6
Let w = 5 - 3. Let z(v) = w + 2 - v + 2. What is the units digit of z(4)?
2
Let a be 1/(-4) + 45/20. Suppose -12 = -a*o + 18. What is the units digit of o?
5
Let o(m) = 4*m**2 + 4*m + 3. Let h = 2 - 4. What is the units digit of o(h)?
1
Suppose 20 = -2*m - 4*q, 5*m - 5*q = m - 92. Let l(y) = -y**3 - 2*y**2 + 1. Let g be l(-1). What is the units digit of m*((-2)/3 - g)?
2
Let h = 2 + -2. Suppose h = 3*u - 6 - 3. Suppose -2*a + u*a = 3*n + 25, 4*n + 16 = 0. What is the units digit of a?
3
Let x(k) = -k + 5. Let g(t) = t - 6. Let n be g(10). What is the units digit of x(n)?
1
Let s(t) = 3*t**2 - 3*t - 6. What is the tens digit of s(-4)?
5
Let d(r) = -r - 3 + 5*r - 7*r**2 + 3*r**2 + r**3. Let w be d(3). Suppose -6 = -3*f - w. What is the units digit of f?
2
What is the tens digit of ((-312)/(-65))/(2/25)?
6
Suppose -4*g - g = -5*d, -2*g = -4*d + 4. Suppose -s + n + d = 0, -5*s + n + 22 = 4. Suppose -5*z = -m + 36, m + 5*z - s = 2*z. What is the units digit of m?
6
Let a(g) = g**2 - 6*g + 3. Let d be a(6). Suppose -d*r - 20 + 71 = 0. What is the units digit of r?
7
Let s = 19 + -13. What is the tens digit of 3/s*-2 + 15?
1
Let o(g) = 6*g**2 + 25*g + 9. Let z(k) = 3*k**2 + 12*k + 5. Let p(c) = -2*o(c) + 5*z(c). What is the tens digit of p(-5)?
3
Let d(f) = 38*f + 3. Let i be d(3). Suppose 0 = 2*j + j - i. Suppose 0*l - j = -3*l. What is the units digit of l?
3
Let k(i) = -3*i - 2. Let d = -1 + -5. What is the tens digit of k(d)?
1
Let j be ((-10)/(-6))/((-4)/(-12)). Suppose l - 12 = w + 2*w, -j*l = -2*w - 47. Let y = 13 - l. What is the units digit of y?
4
Suppose -4*r + 47 = 243. Let m = -31 - r. What is the tens digit of m?
1
Suppose -10*f + 1390 = -0*f. What is the units digit of f?
9
Suppose 0 = b + 2 - 4. Let y be -1*(b*-2)/2. Suppose -y*s + 2*t + 4 = 0, 2 = s + t + 2*t. What is the units digit of s?
2
Let k(w) = -w + 1. Let r(t) = -t**2 - 4*t - 4. Let q be 10/1*6/(-15). Let u be r(q). What is the units digit of k(u)?
5
Let z be (16/(-6))/(3/(-9)). Let s(o) = -2*o + 10. Let w(f) = -f. Let a(p) = s(p) - w(p). What is the units digit of a(z)?
2
Suppose -4*k - 3*t + 7*t + 36 = 0, -4*k - 2*t + 18 = 0. Suppose i - 5 = k*i. What is the tens digit of i/2*2 - -14?
1
Let z(m) be the third derivative of m**7/5040 - m**6/720 + m**5/15 - 3*m**2. Let a(l) be the third derivative of z(l). What is the units digit of a(10)?
9
Let f be 4*(0 - 33/12). Let d = f - -6. Let y(t) = t**3 + 5*t**2 - t + 2. What is the units digit of y(d)?
7
What is the units digit of (-3)/(4 + -1) + 69?
8
Let m = 72 + -27. What is the units digit of m?
5
Suppose -2*l = -l, 4*m - 4*l - 16 = 0. What is the tens digit of 3/m - 259/(-28)?
1
Let q(l) = -l**2 + l - 2. Let w be q(-2). Let n = -4 - w. What is the units digit of n?
4
Suppose 4*y = y + 84. Suppose -g + y = 3*g. What is the units digit of g?
7
Let b(v) be the third derivative of -v**5/60 - 7*v**4/24 - 5*v**3/6 - v**2. What is the units digit of b(-4)?
7
Let y(c) = -11*c + 12. What is the units digit of y(-5)?
7
Let s(k) = -64*k**3 + k**2. What is the tens digit of s(-1)?
6
Let y(a) = 2*a**2 - 2*a - 2. Let x be y(-2). Let d = x + -1. What is the units digit of d?
9
Suppose -2*v + 21 + 9 = 0. What is the tens digit of (-198)/v*10/(-3)?
4
Suppose s = -3*s - 4, 0 = 5*x + 5*s - 145. What is the tens digit of x?
3
Suppose 5*g + g = 840. What is the units digit of g?
0
Let u be (4/8)/(2/172). Suppose u = 4*i - 5. What is the units digit of i?
2
Let m(s) = 21*s + 31. Let v(i) = 4*i + 6. Let o(q) = 2*m(q) - 11*v(q). What is the units digit of o(-6)?
8
What is the hundreds digit of 399 + 4 + 15/(-3)?
3
Suppose -202 = -2*w - 4*i, 5*w = 5*i - 0*i + 490. What is the units digit of w?
9
Let h(d) = -9*d - 3. Let m be (-3)/12 + (-57)/12. What is the tens digit of h(m)?
4
Suppose -4*b + 4 + 36 = 0. Suppose 0 = b*q - 5*q - 125. What is the tens digit of q?
2
Suppose 3*c + 24 = 5*c. What is the tens digit of c?
1
Let c(m) = -m**2 + 4*m. Let v be c(4). Suppose 3 = w - v*w. Suppose 4*r - 25 = -3*o, -8*o + 3*o = -w*r + 55. What is the tens digit of r?
1
Suppose -17 = 2*z + 5*y, 1 = -0*z + 4*z + 3*y. Suppose -104 = -8*a + z*a. What is the tens digit of a?
2
Suppose q + 35 = -0*q. Let g = -24 - q. What is the tens digit of g?
1
Suppose m + m = 76. Let o = m - -5. What is the units digit of o?
3
Let z be -1 - (6/(-2))/3. Let n be (z - -12)/2 - 2. Suppose 0 = n*f - 9 - 15. What is the units digit of f?
6
Let c(w) = -4*w**3 + 1. What is the tens digit of c(-2)?
3
Let d(x) = -2*x - 3. Let q be d(-2). Let j be 0 - (1 + -12 + q). Suppose -4*n - j = -54. What is the tens digit of n?
1
Suppose -m = m - 4. Suppose -m*c = -14 - 22. What is the tens digit of c?
1
Let g(k) = -k**3 + 3*k**2 - 2*k + 2. Let o be g(2). Let w(l) be the first derivative of l**4/4 - l**3/3 - l**2 + 3*l - 2. What is the units digit of w(o)?
3
What is the units digit of (-1 - (-11 - 3))*1?
3
Let z = 76 - 50. What is the units digit of z?
6
Let l(x) = -x**3 - 8*x**2 - 2*x + 19. Let p be l(-8). Let i = p - 3. What is the tens digit of i?
3
Let x = 78 - 29. What is the tens digit of x?
4
Let m(n) = 2*n**2 + 12. Let o be m(8). Suppose -4*c - 2*z + o = 0, -2*c - 2*z = -7*c + 193. What is the units digit of c?
7
Let p be (3 - 0)*(-4)/6. Suppose -18*k - 31 = 23. What is the tens digit of (-35)/p + k/(-6)?
1
Suppose 26 = 2*l - 3*x - 2*x, -2*x - 4 = 0. Let p = 5 + l. What is the units digit of p?
3
Let x = 0 - -3. Suppose x + 5 = 4*i, 0 = 5*m - i + 7. What is the units digit of 3/(-2 + (m - -4))?
3
What is the tens digit of (3/(-2))/(12/(-368))?
4
Let s(c) = 2*c - 3. Let j be s(-8). Let h = j + 13. Let z = 9 + h. What is the units digit of z?
3
Suppose 4*r - 2*r = 56. What is the tens digit of r?
2
Let q = 2 - 2. Let y(k) = k**2 + k + 2. Let r be y(q). What is the units digit of (r/3)/((-2)/(-21))?
7
Suppose -5*r + 80 = -b, 5*r + 3*b - 86 = 14. Let m = r + -14. What is the units digit of m?
3
Suppose -7*o = -5*o. What is the tens digit of o + -3 + 5 - -18?
2
What is the units digit of (663/(-65))/((-1)/15)?
3
Let q(j) = -j**3 - 4*j**2 - 4*j + 1. Let c be q(-3). Suppose -w + 6 = -c*w. What is the units digit of (-1)/(-1) - (w - -1)?
2
Suppose 2*f - 4*f = 24. Let w be 1/((8/120)/(2/(-6))). Let i = w - f. What is the units digit of i?
7
Let j(a) = a**3 + 7*a**2 + 6*a - 1. Let v = -3 + -2. What is the tens digit of j(v)?
1
Let z be (-8)/1 - 16/8. Let v(k) = k. Let a(f) = -5*f + 7. Let r(m) = -a(m) - 6*v(m). What is the units digit of r(z)?
3
Suppose 14 = -3*q - 22. Let c = q - -22. What is the tens digit of c?
1
Let x(i) = -i**2 + 10*i - 5. Let q be x(7). Suppose -2*k - 2*d + 36 = -0*d, 2*k - 3*d = q. What is the units digit of 8/(-12) + k/3?
4
Suppose 0 = -4*j + 9*j + 5. Let p = 3 + j. What is the units digit of p?
2
Let p(v) = -v**3 - 13*v**2 + 14*v - 18. Let a be p(-14). What is the units digit of 5/30 + (-663)/a?
7
Let z(f) = -6*f + 2. Let g be z(-3). Let y = g - 13. What is the units digit of y?
7
What is the tens digit of ((-39)/(-9))/((-2)/(-6))?
1
Let b(t) = 2*t - 6. Let s be b(5). Suppose -q + s*n - 6 = 0, 2 = -4*q + n + 8. Suppose 2 + 10 = q*c. What is the units digit of c?
6
Let s = -11 + 2. Let l be (s/3)/(6/(-4)). What is the tens digit of (9 - (2 - 1)) + l?
1
Suppose 0 = 4*s - s - 6. What is the units digit of (-87)/(-12) - s/8?
7
Let v be 0*2/(-6